 digit of l?
0
Suppose d + 5*x = -25 + 170, -5*x - 15 = 0. Suppose d = -11*a + 512. Let s = 178 - a. What is the hundreds digit of s?
1
Let n be -1198*((-5)/35 + 18/28). Let t = 1044 + n. What is the units digit of t?
5
Suppose 0*y - 4*y + 114 = -2*o, -5*y = 5*o - 105. Suppose 6 - y = -5*w. Suppose -3*a = -a + 5*q - 40, w*a = q + 36. What is the tens digit of a?
1
Let m(b) = 36*b + 268. What is the units digit of m(115)?
8
Let p(h) be the first derivative of h**4/4 + 13*h**3/3 + 4*h**2 + 1. Suppose -y - 17 = 2*i, -17*y + i = -14*y + 30. What is the hundreds digit of p(y)?
1
Let v be (-166)/3*9/(-6). Let a = -121 - -70. Let q = a + v. What is the units digit of q?
2
Let x = 75 - 70. Suppose -k + 0 = -2*h - x, -k = -4*h - 11. What is the tens digit of (-9)/(-27) + (-344)/(-3) + h?
1
Let u(j) = -j**2 + 8*j - 7. Let k be u(6). Let l(s) = -s**3 + 6*s**2 + 3*s + 10. Let h be l(k). Let g = h - 19. What is the units digit of g?
1
Let o(y) = -27*y - 20. Let k be o(-6). Let c = 388 + k. What is the tens digit of c?
3
Let v = -551 + 21250. What is the thousands digit of v?
0
Let d = 43 - 47. Let j be -2*d/(-44) + (-6260)/55. Let o = j + 275. What is the tens digit of o?
6
Let h be (-10)/(-35) + (-10)/35. Suppose 5*i - 4*u - 5664 = h, -i = 2*i - 5*u - 3388. What is the hundreds digit of i?
1
Let m = 2 + 0. Let k(p) = 12*p**3 + 2*p**2. What is the hundreds digit of k(m)?
1
Suppose -16*g = -28*g + 21*g. Suppose g = 13*c + 3280 - 14148. What is the tens digit of c?
3
Let n be 6 - (-4)/(-2)*2. Suppose 273 = n*k - 1047. Suppose -24*t + k = -18*t. What is the hundreds digit of t?
1
Suppose 2*i = -3*z + 9, 9 = -3*i - i + 3*z. Suppose i = -9*b - b + 4740. What is the hundreds digit of b?
4
Let d(v) = -23*v - 47. Let l(w) = -w. Let p(g) = -d(g) - l(g). What is the units digit of p(6)?
1
Suppose -5*u - 30 = 0, 4*t - 413*u - 148020 = -415*u. What is the hundreds digit of t?
0
Suppose -d = -3*d. Suppose d = -9*u + u + 96. Let t = 17 - u. What is the units digit of t?
5
Let b(k) = k + 1. Let v(i) = -i**2 - 17*i - 17. Let o(t) = -5*b(t) - v(t). Let n be o(-14). What is the units digit of (-837)/(-8) + 15/n?
5
Let r = -472 + 22. Let u = r + 978. What is the hundreds digit of u?
5
Let x(p) = 260*p**2 + 11*p + 7. Let y be x(5). Suppose 0 = 19*k - 2*k - y. What is the tens digit of k?
8
Suppose 4*m + 2*m = -744. Let u = 4 + m. What is the units digit of (u/(-50))/((-1)/(-40))?
6
Let k = 376 - -49. Let z = k - 42. What is the tens digit of z?
8
Suppose 12*h - 22*h + 190 = 0. Suppose -4360 = -5*f - h*d + 20*d, f + 3*d - 856 = 0. What is the tens digit of f?
7
Let m(n) = 27*n - 17. Suppose 5*g - 4*b - 47 = 0, -4*g - 3*b + 73 = 23. What is the hundreds digit of m(g)?
2
Let q be ((-10)/(-15))/((-4)/(-6)). Let m be (-3152)/(-4) + (-1 - q). Suppose 6*i + m = 12*i. What is the tens digit of i?
3
Suppose -4*u - 20 = 0, 0 = c + 668*u - 673*u - 4822. What is the units digit of c?
7
What is the thousands digit of 21/(-6)*((-12)/(-66) - (-5700)/(-11))?
1
Let p(s) = -s**2 - 9*s + 22. Let b be p(5). Let o be 39/((-3)/9 - 52/b). Suppose 186 = -o*x + 55*x. What is the units digit of x?
2
What is the tens digit of 6/(-22) + (59918370/(-165))/(-17)?
6
Let f(a) = -3 + 28*a - 16 + 6. What is the tens digit of f(18)?
9
Let b = -27 + 42. Suppose -5 = 2*p + 3*x, 3*p + 0*x = 3*x + b. Suppose 3*c - 213 = 3*h, -4*c - h = -p*h - 281. What is the units digit of c?
0
Suppose -13*r + 234 = -559. Suppose -1288 = -r*y + 59*y. What is the hundreds digit of y?
6
Let i(r) = -5820*r + 1885. What is the hundreds digit of i(-3)?
3
Let r(q) = q**2 + 9*q - 675. What is the units digit of r(-62)?
1
Let g be ((-2 - 10)/(-6))/((-2)/(-2)). Suppose 0 = 3*l - 3, 0 = g*m + 3*m - l - 24. What is the units digit of (-1)/m + 311*3/15?
2
Let x = 3027 + 1469. What is the hundreds digit of x?
4
Let g be 30 - (-12 - -8 - 3). Suppose -g*a = -32*a - 8310. What is the units digit of a?
2
Let q = -46 + 64. Suppose -4*h + q + 2 = 0. Suppose 5*k + 5*v - 70 = 0, 120 = 5*k - 0*v - h*v. What is the tens digit of k?
1
Let h = -257 - -541. Let w = -194 + h. Suppose -11*l = -l - w. What is the units digit of l?
9
Suppose -118*a + 2423226 + 2860397 - 988777 = 0. What is the ten thousands digit of a?
3
Let q = 7294 - 2058. What is the tens digit of q?
3
Suppose -335*a = 5*x - 332*a - 38428, 18 = 3*a. What is the tens digit of x?
8
Let i(x) = x + 1. Let n be i(-1). Let s be ((-4)/14)/((-37)/2331). Suppose -5*j + 7 + s = n. What is the units digit of j?
5
Let w be 7*37 + -1 + 1. Suppose 1050 = 9669*h - 9676*h. Let y = w + h. What is the units digit of y?
9
Let r(p) = -p**3 + 2*p**2 + 27*p - 21. Let h be r(-5). What is the units digit of h - 26 - -157*11?
0
Let l be (-23)/115 - (-6)/5. What is the units digit of l + (-16104)/(-20) - 2/10?
6
What is the tens digit of 3437 + (4/18 + (-99)/81)*0?
3
Let b(y) = -63 - 69 - 68 + 193 + 13*y**2. What is the tens digit of b(7)?
3
Suppose 0 = 34*h - 25756 - 32248. Suppose 0 = 2*x + 4*q - 1706, -2*q = 2*x - 6*q - h. What is the tens digit of x?
5
Suppose -5*l = 4*h - 194031, 2*h = 3*l + 18974 + 78003. What is the hundreds digit of h?
4
Let o = -29 + 48. Let s(z) = -6 + 25*z + 0 - o*z. What is the tens digit of s(8)?
4
Let n(z) = -13*z - 34. Let f be n(-4). Suppose -13*w + f*w = -660. Let o = -39 - w. What is the tens digit of o?
9
What is the hundreds digit of 246/(-287) - 3369*(-6)/14?
4
Let z = -2080 - -2919. What is the tens digit of z?
3
Let l = -9 + 12. Let d(x) = 36*x**2 + 11*x - 5. What is the tens digit of d(l)?
5
Let w = -49352 - -70872. What is the ten thousands digit of w?
2
Suppose -32*q + 35440 = -12*q. What is the tens digit of (-32 - -30) + q + 1?
7
What is the thousands digit of (-2)/(-11) - (12707500/(-286) + -41)?
4
What is the units digit of 64 + -70 + -331*(-2)/2?
5
Let l(p) = 31*p**2 + 618*p - 19. What is the thousands digit of l(-31)?
0
Let c be (9 - 0) + 70/(-10). Suppose q - 853 = -r, 10*r = 11*r + c. What is the tens digit of q?
5
What is the tens digit of ((-68857)/74)/((-278)/92 - -3)?
0
Let h = 472 - 472. Let a(k) = 8*k + 936. What is the hundreds digit of a(h)?
9
Let h(w) = -9*w**2 + w + 16. Let k be h(0). What is the tens digit of (104/k - 8)*734/(-3)?
6
Suppose 132 = -5*m - a, -80 = 4*m - m + a. Let x = m - -41. Let t = 0 + x. What is the units digit of t?
5
Let x(f) = 5681*f**2 - 192*f - 12. What is the tens digit of x(-3)?
9
Suppose -w - 8*z + 3*z + 12 = 0, 4*z = 4*w. Suppose w*c - 4*r = r + 499, 4*c - 985 = -3*r. What is the tens digit of c?
4
Let s(b) = 7*b + 39. Let l be (7/6 + 5/(-30))*-1. Let n be 138/15 - l*(-2)/10. What is the hundreds digit of s(n)?
1
What is the thousands digit of -12 + 16 - (-4600)/80*(-728)/(-5)?
8
Suppose -11*y - 12*y - 6*y = -214020. What is the units digit of y?
0
Let w(l) be the first derivative of 337*l**3/3 + l**2/2 - l - 57. What is the hundreds digit of w(1)?
3
What is the hundreds digit of -31*(429/(-4) + 3/12)?
3
Let y = 6725 - -4545. What is the thousands digit of y?
1
Suppose -30*s = -27*s - 3354. Let g be s/130 - (14/(-10) - -2). Suppose g*n = 6*n + 524. What is the hundreds digit of n?
2
Let k = 13757 - -8207. What is the tens digit of k?
6
Let y(w) = w**2 + 6*w - 6. Let z be y(-7). Let b(r) = -40*r - r**2 - z + 20*r + 2. What is the tens digit of b(-12)?
9
Let f(g) = 7*g**2 - 7*g - 7. Suppose 5 = -2*l + 3. Let z be -3 + (l + 2)/(3/(-3)). What is the units digit of f(z)?
3
Suppose 0 = -3*h, -2*u = -7*u + 5*h + 10. What is the hundreds digit of u/4*(973 + -5 + 6)?
4
Let k(x) = 2748*x - 3363. What is the units digit of k(6)?
5
Let i(y) = -24*y + 73. Let m(d) = -2*d. Let x(b) = -i(b) + 5*m(b). What is the hundreds digit of x(18)?
1
Suppose 191*a - 706939 = -208429. What is the tens digit of a?
1
Suppose -b - 15*z + 14977 = -12*z, 2*b = -5*z + 29948. What is the tens digit of b?
5
Suppose 0*r = r + 4*o - 519, 2691 = 5*r - 4*o. Let i = 958 - r. What is the hundreds digit of i?
4
Let l = 116 - 127. Let y(x) = -x + 5. Let m be y(l). Let w = m + 39. What is the units digit of w?
5
Let z(u) = -u**3 - 13*u**2 + 19*u - 7. Let m be z(-17). Let p = m - 560. What is the tens digit of p?
6
Let g(t) = -t**2 + 12*t - 4. Let b be g(12). Let w = b - 122. Let o = w + 203. What is the units digit of o?
7
What is the tens digit of (-20745)/(-10) + 